he greatest common factor of 48 and 1128?
24
What is the highest common divisor of 425 and 170?
85
Calculate the highest common factor of 50 and 2775.
25
What is the greatest common factor of 5336 and 116?
116
What is the greatest common factor of 1 and 23?
1
What is the greatest common divisor of 35 and 5?
5
Calculate the highest common divisor of 430 and 10.
10
Calculate the highest common factor of 1943 and 67.
67
What is the greatest common factor of 129 and 3?
3
What is the highest common factor of 1830 and 90?
30
What is the greatest common factor of 117 and 312?
39
What is the greatest common factor of 1395 and 135?
45
What is the highest common factor of 1848 and 28?
28
What is the greatest common divisor of 48 and 112?
16
What is the greatest common factor of 925 and 275?
25
Calculate the highest common factor of 775 and 310.
155
Calculate the greatest common divisor of 2240 and 68.
4
Calculate the highest common factor of 177 and 3.
3
What is the highest common factor of 2550 and 102?
102
Calculate the highest common factor of 10 and 1165.
5
What is the highest common factor of 43 and 5461?
43
What is the greatest common factor of 465 and 248?
31
Calculate the highest common divisor of 21 and 123.
3
What is the highest common factor of 2457 and 78?
39
Calculate the highest common factor of 212 and 3286.
106
Calculate the highest common divisor of 54 and 126.
18
What is the highest common divisor of 24 and 160?
8
Calculate the greatest common factor of 11 and 539.
11
Calculate the highest common divisor of 11 and 352.
11
Calculate the highest common divisor of 2074 and 183.
61
Calculate the highest common divisor of 171 and 27.
9
What is the highest common factor of 2240 and 35?
35
Calculate the highest common divisor of 78 and 910.
26
Calculate the greatest common factor of 77 and 7.
7
Calculate the highest common divisor of 1892 and 220.
44
What is the highest common divisor of 12 and 36?
12
Calculate the greatest common divisor of 3422 and 58.
58
What is the greatest common divisor of 235 and 55?
5
What is the highest common divisor of 35 and 60?
5
Calculate the highest common factor of 7729 and 393.
131
Calculate the greatest common factor of 24 and 18.
6
Calculate the highest common factor of 96 and 12.
12
Calculate the highest common divisor of 553 and 77.
7
Calculate the highest common factor of 74 and 259.
37
What is the greatest common divisor of 20 and 84?
4
Calculate the greatest common factor of 7710 and 60.
30
Calculate the greatest common divisor of 159 and 6519.
159
Calculate the greatest common divisor of 12 and 30.
6
What is the highest common divisor of 246 and 2?
2
Calculate the greatest common factor of 98 and 49.
49
What is the greatest common factor of 7030 and 38?
38
Calculate the greatest common factor of 650 and 26.
26
Calculate the greatest common factor of 27 and 423.
9
What is the highest common factor of 270 and 972?
54
Calculate the greatest common factor of 1241 and 1292.
17
Calculate the greatest common divisor of 234 and 104.
26
What is the greatest common divisor of 183 and 244?
61
What is the highest common divisor of 30 and 1210?
10
Calculate the greatest common divisor of 54 and 15.
3
Calculate the highest common factor of 12 and 48.
12
What is the greatest common divisor of 3328 and 26?
26
What is the greatest common divisor of 4851 and 495?
99
What is the greatest common factor of 3536 and 8?
8
Calculate the greatest common divisor of 1363 and 235.
47
What is the greatest common factor of 2360 and 560?
40
Calculate the greatest common divisor of 33 and 3256.
11
Calculate the greatest common factor of 513 and 18.
9
Calculate the greatest common divisor of 378 and 154.
14
Calculate the greatest common factor of 7223 and 341.
31
Calculate the highest common factor of 23 and 39767.
23
What is the greatest common divisor of 10 and 52?
2
What is the greatest common factor of 69 and 483?
69
What is the greatest common factor of 4564 and 28?
28
Calculate the greatest common divisor of 27 and 252.
9
Calculate the greatest common factor of 33341 and 77.
77
What is the highest common divisor of 11 and 2816?
11
What is the highest common factor of 2 and 7?
1
Calculate the greatest common factor of 10478 and 1859.
169
Calculate the highest common factor of 133 and 140.
7
What is the greatest common factor of 13 and 416?
13
What is the highest common factor of 3572 and 152?
76
Calculate the highest common divisor of 42 and 15274.
14
What is the greatest common factor of 784 and 208?
16
Calculate the greatest common divisor of 11 and 407.
11
What is the highest common divisor of 3 and 215?
1
What is the highest common divisor of 2560 and 20?
20
Calculate the highest common divisor of 2218 and 2.
2
Calculate the greatest common divisor of 589 and 95.
19
What is the highest common divisor of 102 and 986?
34
What is the greatest common factor of 156 and 1638?
78
Calculate the greatest common factor of 385 and 616.
77
What is the greatest common divisor of 33535 and 19?
19
Calculate the greatest common divisor of 2 and 613.
1
Calculate the highest common factor of 108 and 4596.
12
Calculate the greatest common factor of 369 and 9.
9
What is the greatest common factor of 154 and 44?
22
What is the greatest common divisor of 6255 and 45?
45
What is the greatest common factor of 40 and 70?
10
What is the greatest common divisor of 14 and 119?
7
What is the highest common divisor of 28 and 35?
7
What is the highest common factor of 26 and 338?
26
Calculate the highest common factor of 19 and 247.
19
Calculate the greatest common factor of 583 and 33.
11
Calculate the greatest common divisor of 11 and 2156.
11
Calculate the greatest common factor of 21 and 371.
7
What is the highest common factor of 608 and 19?
19
What is the greatest common factor of 45 and 207?
9
Calculate the highest common divisor of 198 and 18.
18
What is the highest common divisor of 11360 and 16?
16
Calculate the greatest common divisor of 210 and 8715.
105
What is the highest common divisor of 56 and 1442?
14
What is the greatest common factor of 621 and 759?
69
What is the greatest common factor of 35 and 714?
7
What is the highest common factor of 450 and 180?
90
What is the highest common factor of 18 and 135?
9
What is the highest common factor of 228 and 12?
12
Calculate the highest common divisor of 24 and 18.
6
Calculate the highest common divisor of 12578 and 114.
38
Calculate the highest common factor of 24 and 1704.
24
What is the greatest common factor of 6766 and 68?
34
What is the greatest common divisor of 442 and 374?
34
Calculate the greatest common factor of 285 and 45.
15
What is the greatest common divisor of 10064 and 259?
37
What is the highest common divisor of 69 and 529?
23
What is the highest common factor of 30 and 20?
10
Calculate the greatest common divisor of 1107 and 164.
41
What is the highest common divisor of 355 and 25?
5
Calculate the greatest common divisor of 402 and 134.
134
What is the greatest common factor of 40 and 90?
10
Calculate the highest common factor of 2 and 18.
2
What is the highest common divisor of 1027 and 403?
13
Calculate the greatest common factor of 39 and 156.
39
Calculate the highest common factor of 1970 and 60.
10
Calculate the highest common divisor of 26 and 130.
26
Calculate the greatest common divisor of 36 and 90.
18
What is the greatest common factor of 49 and 14?
7
Calculate the greatest common factor of 31 and 1147.
31
Calculate the greatest common factor of 168 and 30.
6
Calculate the highest common divisor of 77 and 196.
7
What is the greatest common factor of 134 and 20234?
134
What is the greatest common divisor of 34476 and 408?
204
Calculate the highest common factor of 18 and 891.
9
What is the greatest common divisor of 1258 and 34?
34
Calculate the highest common divisor of 20 and 120.
20
Calculate the highest common factor of 85 and 126395.
85
Calculate the greatest common divisor of 30 and 1390.
10
What is the greatest common divisor of 4930 and 170?
170
Calculate the highest common factor of 20 and 2560.
20
Calculate the greatest common factor of 144 and 1056.
48
Calculate the highest common divisor of 24 and 249.
3
What is the highest common divisor of 320 an